*2 - 47*p + 111. What are the prime factors of n(45)?
3, 23, 59
Let u(s) be the second derivative of s**4/6 - 4*s**3/3 + 13*s**2/2 - s. Let i be (-2 - -12)*(21 - 3)/36. What are the prime factors of u(i)?
23
List the prime factors of 2910*(-20 - (-3325)/150).
5, 13, 97
Let n = 171 - 165. Let u(f) = 7*f**2 + 18*f - 72. What are the prime factors of u(n)?
2, 3
Suppose -9 = -3*g + 4*h, -3 = -3*g + 2*h - 0. What are the prime factors of 0 + 5 - g*25?
2, 3, 5
Suppose -10*k + 15 = -5*k, -5*k + 187959 = 4*b. List the prime factors of b.
2, 3, 41, 191
Let m(r) = -11*r + 143. Let i be m(-31). Suppose 2*t + 29*a - i = 25*a, t = 5*a + 249. List the prime factors of t.
2, 61
What are the prime factors of (-5)/(-25)*-4 - (-62698)/10?
6269
Let b(p) = p**3 + 109*p**2 - 356*p - 178. What are the prime factors of b(-112)?
2, 1031
Suppose -5*m = 4*s - 100369, 5*m = 535*s - 536*s + 25111. List the prime factors of s.
2, 3, 37, 113
Let j(i) = -139*i**2 + 5*i - 5. Let q be j(7). Let a = q + 2095. What are the prime factors of a/(-24) + 5 + 1/(-4)?
2, 5
Suppose -1693 = 4*o - 109. Let d = o - -545. What are the prime factors of d?
149
Let w = 7135 + -3619. What are the prime factors of w?
2, 3, 293
Let w be (-2 + 7)*((-184)/(-10) - -4). Let u be (724/10)/(w/35 + -3). Let c = u - 191. What are the prime factors of c?
3, 19
Let h = 1186 - -3876. List the prime factors of h.
2, 2531
Suppose -76*z - 70536 = -88*z. What are the prime factors of z?
2, 2939
Let s(x) be the second derivative of 67*x**3/3 - x**2 + 4*x. Suppose 3*c + 1 = 4. What are the prime factors of s(c)?
2, 3, 11
Let k(v) = 15*v**3 + 8*v**2 - 24*v + 115. List the prime factors of k(7).
2, 3, 457
Suppose -18 - 10 = 4*a - 3*s, -3*a - 21 = -4*s. List the prime factors of 211*(-2 - a) + -1 + 3.
7, 151
List the prime factors of 2*(-2)/4*(-278256)/44 - 0.
2, 3, 17, 31
Let l(v) = v**3 + 2*v**2 + 2*v - 813. Let m be l(0). Let q = -511 - m. List the prime factors of q.
2, 151
Let u be (-2)/(-1 + 4/8). Suppose -57 + 77 = -u*w. List the prime factors of (2602/w)/(-2) + 20/25.
3, 29
List the prime factors of (-4)/(-9) + (-1066580)/(-306).
2, 3, 7, 83
Let k(d) be the first derivative of d**3/3 - 33*d**2/2 + 25*d + 341. List the prime factors of k(-16).
809
Suppose 2*y - 67691 = -5*a, -3*a = 5*y + 9*a - 169225. What are the prime factors of y?
23, 1471
What are the prime factors of 131/(-3*(-12)/5004)?
131, 139
Suppose -3*d = -k - 81, -2*d + 50 = -162*k + 160*k. List the prime factors of d.
2, 7
Suppose 12 = -3*g, 0 = -3*k + g - 1 - 1. Let f be (-1)/3*-12 + (0 - 1). List the prime factors of (5/2 + k)*(29 - f).
13
Suppose 141945 = 5*y + 5*d, y - d = 17340 + 11041. What are the prime factors of y?
5, 7, 811
Let r(b) = 4*b - 101. Let v be r(27). Suppose -11*g + v*g = -1400. What are the prime factors of g?
2, 5, 7
Suppose 22*l - 5972 = 2696. List the prime factors of l.
2, 197
Let x = 4 - 1. Suppose -4*y = -4, 2328 = 5*h + x*y - 175. What are the prime factors of h?
2, 5
Let g be 26/8 + 25/(-20). Suppose 4*z = -3*m + 1673, g*m + z - 627 = 480. What are the prime factors of m?
19, 29
Let h = 2462 + -685. What are the prime factors of h?
1777
Let y = 95 - 127. Let q(n) = -12*n + 27. List the prime factors of q(y).
3, 137
Let d = 473 + -373. Suppose -d - 615 = -11*a. What are the prime factors of a?
5, 13
Let b(h) = 5*h**3 - 2*h**2 + 4*h - 3. Let w be 3*6/63 - 15/(-21). Let o be b(w). List the prime factors of 1 - (-184)/(o + -2).
3, 31
Let z be 12/5 + (-4)/10. Let a(i) = -1 - 14*i**z + 7*i**2 + 3*i**2 + 6*i + 5*i**2. What are the prime factors of a(3)?
2, 13
Let a(r) = -14*r - 25. Let l be a(-2). Suppose l*j - 3*c = 1419, 948 = j + j - c. List the prime factors of j.
5, 19
Let b(p) = 4*p**2 - 5*p - 1. Let u be b(5). Let d = 78 - u. Suppose -d*k + 105 + 367 = 0. List the prime factors of k.
2, 59
Let a = -35725 + 58570. What are the prime factors of a?
3, 5, 1523
Suppose 0 = -2*c + 4*c - 12. Suppose 4*g - 8*o = -7*o + c, g = -2*o + 6. What are the prime factors of (-18)/(-45) + (-108)/(-10)*g?
2, 11
Let z(g) = -6*g**2 - 155*g + 27. Let n(r) = 7*r**2 + 157*r - 27. Let m(d) = 3*n(d) + 4*z(d). What are the prime factors of m(-46)?
13, 41
List the prime factors of (4/(12/5))/(1/33174*6).
5, 19, 97
Let p = 17389 - 3947. List the prime factors of p.
2, 11, 13, 47
Suppose -22*r - 66*r = -267144 - 201984. What are the prime factors of r?
3, 1777
Let r(p) = -14*p + p**2 - 16 + 8 + 2 - 14. Let z be r(16). Suppose z*g - 619 = 113. List the prime factors of g.
61
Let x = -24749 - -30873. List the prime factors of x.
2, 1531
Suppose 2*q = -u + 175, -q = -5*u + 655 + 264. Let s = -121 + u. Let r = 86 - s. List the prime factors of r.
2, 3
Let y = -78 + 77. Let n be 488/((-5)/(-4 + y)). Suppose 4*z = -0*t + 4*t + n, 0 = -2*z + 5*t + 256. What are the prime factors of z?
2, 59
Suppose 0 = -3*b - 5*h + 37551, -2*b + 25038 = -13*h + 17*h. What are the prime factors of b?
3, 11, 379
Suppose -188*l - 84449 = -192*l + z, 5*l + 4*z = 105577. List the prime factors of l.
43, 491
Let o = -14195 - -53934. What are the prime factors of o?
7, 811
List the prime factors of -73*(5 + -3)*(-1273)/38.
67, 73
Let q(r) = -130*r - 78. Let t be q(-21). Suppose t = 2*l - 4*p, 8*l + 3*p - 3996 = 5*l. What are the prime factors of l?
2, 5, 7, 19
Let k = 691 - 601. Let a = k - -814. What are the prime factors of a?
2, 113
Suppose -7*x + 659358 = 238889. What are the prime factors of x?
7, 8581
Let u(a) = 491*a**2 - 19*a + 1. What are the prime factors of u(2)?
41, 47
Suppose 4*s + 5*u - 5984 = 2*u, 3*u - 2998 = -2*s. Suppose 10*g = s + 3787. What are the prime factors of g?
2, 3, 11
Let l(p) = 8*p**2 + 85*p + 41. What are the prime factors of l(17)?
2, 3, 211
Let h = 6145 + 3904. List the prime factors of h.
13, 773
Suppose -7*j + 0*j = -28. Let s(m) = 3*m**2 - 9*m - 4. Let i be s(j). List the prime factors of (-333)/(-3)*i/24.
37
Let q(r) = 16*r**3 - 7*r**2 + 25*r - 40. List the prime factors of q(7).
2, 3, 5, 11
Suppose -r - 1796 + 1796 = 0. Suppose -52*z - 10 = -54*z, r = 4*v + 3*z - 1463. List the prime factors of v.
2, 181
Suppose 0 = 2*z - 3*z + 15. Let g(x) = 2*x**2 - 17*x + 3. Let m be g(9). Suppose -m*h = -z*h + 6. List the prime factors of h.
2
Let b(j) = j**3 + 13*j**2 + 50*j + 2. Let q be b(-6). Let d(i) = 14*i + 4. Let z be d(6). Let l = q + z. What are the prime factors of l?
2, 3, 7
Let r(l) be the third derivative of -l**5/30 - 17*l**4/12 + 19*l**3/6 + 6*l**2. Let u(m) be the first derivative of r(m). What are the prime factors of u(-15)?
2, 13
Suppose 0 = 3*h + 2*d - 23969 - 46903, 0 = 4*h - 5*d - 94542. What are the prime factors of h?
2, 3, 11, 179
Let x = 1561 - 2651. Let m = -405 - x. List the prime factors of m.
5, 137
Let f(m) = -m**3 - 2*m**2 - 1. Let d(j) = -9*j**2 + 10*j - 9. Let w(g) = -d(g) + 6*f(g). What are the prime factors of w(-4)?
379
List the prime factors of ((-192)/(-18) + -5)/((-3)/(-1323)).
3, 7, 17
Let t be 1*(-11)/((-22)/100). List the prime factors of t/175 + 1776/7.
2, 127
Suppose 0 = -3*g + 23 + 55. Let a be (-2 - g/(-4))/((-3)/8). List the prime factors of 21*(32/a)/(-8).
7
Let b(d) = -d**2 - 2*d + 11. Let z be b(-4). Suppose 3*f - 398 = -f + 3*j, -5*j = z*f - 284. Suppose 0 = 4*r - f - 90. What are the prime factors of r?
47
Let r(g) = -16764*g - 3070. What are the prime factors of r(-3)?
2, 7, 3373
Suppose 3*x - y = 21462, 0 = 4*x + 4*y - 37133 + 8501. List the prime factors of x.
3, 5, 53
Let p(m) = -3 + 3*m - 11 + 1 - 3. Let j be p(6). Suppose -j*i - 26 = -116. What are the prime factors of i?
3, 5
Let j = 5071 + -3177. List the prime factors of j.
2, 947
Let j = -1 + 13. Suppose -4*s = -2*l + 104 - 26, -s + 2*l = j. Let t = s - -53. What are the prime factors of t?
31
Let i = -8037 + 21212. List the prime factors of i.
5, 17, 31
Suppose 0 = 7*w + 122 - 66. Let z(x) = 2*x**3 - 8*x**2 - 12*x - 4*x**3 + x**3. List the prime factors of z(w).
2, 3
Let b(f) = -32*f + 26. Let x(t) be the second derivative of -8*t**3 + 39*t**2/2 - 13*t. Let m(n) = -8*b(n) + 5*x(n). List the prime factors of m(11).
163
Suppose 6 = 2*q + 3*l, -5*q + 3*l - l + 15 = 0. Let v be 6/9 - 56/q. What are the prime factors of (-2)/(-6) + (-1 - 1488/v)?
2, 41
Let n = -50 + 55. Suppose -n*m + 2*v = -2198, -3*v - 1477 = -5*m + 725. Let r = m + -3